44)/((-1)/d)?
4
Suppose 9*p - 5*s = 4*p + 95825, 5*s = 12*p - 229966. What is the units digit of p?
3
Let w = -5964 + 5791. Let n(q) = 323*q**3 - 2*q**2 + 2*q - 1. Let l be n(1). Let t = w + l. What is the units digit of t?
9
Suppose 0 = -149*n + 88*n + 74*n - 631891. What is the ten thousands digit of n?
4
Let k = 117239 + -78306. What is the units digit of k?
3
Let p = -333 - -17. Let o = p - -684. What is the units digit of o?
8
Let c = -4894 + 13437. What is the hundreds digit of c?
5
Let d = 379 - 379. Suppose d = -7*k - 2*k + 5634. What is the units digit of k?
6
Let r(i) = 19703*i - 523. What is the ten thousands digit of r(1)?
1
Suppose 3*f + 122*w = 118*w + 86479, 2*f = 5*w + 57622. What is the units digit of f?
1
Let m(f) = 9 + f**2 + 2 - 13*f + 4. Suppose -2*b = -3*c - 35, 58 = -59*b + 62*b + c. What is the hundreds digit of m(b)?
1
Suppose -132303 = -26*x + 305069. What is the tens digit of x?
2
What is the tens digit of 2360*10 + 15 + -17 + -6 + 2?
9
Suppose 2*i + 1025 - 293 = 0. Let p = i + 726. What is the hundreds digit of p?
3
Let s = 49548 + -23440. What is the ten thousands digit of s?
2
Let g(f) = -6*f**2 + 7*f - 3. Let z(k) = -5*k**2 + 6*k - 3. Let l(i) = 7*g(i) - 6*z(i). Let r be l(9). What is the tens digit of -1 + 4/2*r/(-11)?
5
Suppose -2*d = 5*z - 6*z - 1447, z = -5. What is the hundreds digit of d + (-2 - 1) + 54/(-18)?
7
Let j be ((-638)/(-4))/(2/8). Let f = 1251 - j. What is the hundreds digit of f?
6
Let d = 7076 + 1404. What is the hundreds digit of d?
4
Suppose 12*y + 30 = 15*y. Let h(u) = -u**2 + 11*u - 8. Let v be h(y). Suppose 1118 = 5*q - k + 2*k, 4*q = v*k + 886. What is the units digit of q?
3
Let h(y) = 24*y**2 - 8*y - 46. Let k(d) = 26*d**2 - 9*d - 48. Let b(t) = 6*h(t) - 5*k(t). What is the units digit of b(-5)?
9
Suppose 3*k - 354 - 957 = 0. Let j = k + -168. What is the tens digit of j?
6
Let x(o) = 45*o - 3. Let v = -16 - -17. Let r be x(v). What is the units digit of r/(-9)*(-4 - -1)?
4
Let i = -36 - -137. Let k(d) = 166 - i - 89 + 6*d. What is the units digit of k(18)?
4
Let z = -22 + 26. Let o be z - 1 - (-6 + 7) - 204. Let c = o - -360. What is the tens digit of c?
5
Let m = -1012 - -583. Let c = -173 - m. What is the tens digit of c?
5
Suppose -384702 = -13*z + x, 0 = -5*x + 10 - 40. What is the hundreds digit of z?
5
Let b = 14194 - 4391. What is the tens digit of b?
0
Let i(q) = -56*q - 44. Let x(n) = -n**3 - 2*n**2 - 15. Let c be x(-3). What is the hundreds digit of i(c)?
2
Let f(x) = -5*x - 151. Let i be f(-29). What is the units digit of (-2 + -4)/(i/468) + -4?
4
Let x = 103 - 100. Let d be 1395 + (-3 - 0/x). Suppose -14*m + 6*m = -d. What is the tens digit of m?
7
Suppose -2 = -c + 2, 4*f + 4*c = 0. What is the tens digit of 16913/26 + -2*(-1)/f?
5
Let z = -10226 + 23663. What is the ten thousands digit of z?
1
Let p = 1122 - 776. What is the hundreds digit of (6/9)/(4/12) + p?
3
Let d(m) = 234*m - 2. Let y be ((-6)/18)/(((-4)/4)/3). What is the hundreds digit of d(y)?
2
Let j(z) = z**2 - 16*z + 34. Let q be j(16). Suppose 3*m + 139 = q. Let w = 14 - m. What is the tens digit of w?
4
Let q be 42 + 0/1 + (-29)/(-29). Suppose -40*g = -q*g + 390. What is the tens digit of g?
3
Let c be (-5)/((-75)/9) + (-21)/(-15). Let a(j) = -50*j**2 + 106*j**c + 4*j - 54*j**2 + 0*j + 7. What is the tens digit of a(-7)?
7
Let c(n) = 2*n**2 + n - 5. Let r be c(-3). Suppose -r = -2*q - 18. What is the tens digit of (1 - 175)*(-3 - 10/q)?
8
Suppose 8*g - 3118368 = -132*g + 74*g. What is the units digit of g?
8
Suppose -l = -3, 2*d - 26*l + 24*l - 30 = 0. Suppose d*n = 13144 + 3830. What is the hundreds digit of n?
9
Suppose 0 = -2*c + 4 + 2 - 2. Let j be -6*(-1 + 2 + -2). Suppose -j*l + 408 = -c*l. What is the units digit of l?
2
Let u = -35 + 39. Suppose 0 = -l + 4, -8*h - 446 = -9*h + u*l. What is the tens digit of h?
6
Let c(r) = -r. Suppose 5*w = f - 53, -3*w + 11 = -f + 44. Let p be c(w). Suppose 5*v - p*v + 300 = 0. What is the tens digit of v?
6
Let m = 68 + -62. What is the hundreds digit of (-205)/(-2) + (27/m)/(-3)?
1
Let j(l) = 1142*l**2 + l - 1. Let f be 18/4 + 147/(-42). What is the thousands digit of j(f)?
1
Suppose -4625 = -7*m + 1213. Let t = -384 + m. What is the tens digit of t?
5
Let g be 7*((-20)/35 + 1 + 0). Suppose g*t - 4*t + 29 = -3*l, t - l = 23. What is the tens digit of t?
2
Let z(y) = -y**3 + 3*y**2 + 93*y + 8807. What is the tens digit of z(0)?
0
Suppose 0 = -5*w - 0*w - 85. Let i = w - -20. Suppose i*a - 202 = -g, 0*a + 2*a - 5*g - 129 = 0. What is the tens digit of a?
6
Suppose 3*f - 9 = 0, -5*n - 54*f + 23304 = -51*f. What is the hundreds digit of n?
6
What is the units digit of 8 + (10357 - 3) + 10?
2
Suppose -b - 5*s + 12 = 0, -29*s + 27*s = -4*b + 4. Suppose -b*r = -6*r + 1320. What is the tens digit of r?
3
Let j = 243 + -231. Suppose 0 = 5*a - 3*q - 4116, 2*a + 8*q - j*q - 1652 = 0. What is the hundreds digit of a?
8
Suppose -193117 - 89169 = -31*x. What is the tens digit of x?
0
Suppose 18999 = 2*h + a - 5782, -a - 12389 = -h. What is the ten thousands digit of h?
1
Suppose 3*v + p = -542, 5*p = -3*v - 582 + 56. Let g = 301 + v. What is the tens digit of g?
1
Let w be 4 + -3 + -2 - 32. What is the hundreds digit of 3/w - 12696/(-22)?
5
Let x = 17849 + 259. What is the units digit of x?
8
Suppose 0 = 2*j - 5*d - 5369, 11*j + j = 5*d + 32089. What is the units digit of j?
2
What is the ten thousands digit of -74 + 81 + 24106/(-4)*-2?
1
Let a(j) = 325*j**3 - 24*j**2 + 113*j - 10. What is the thousands digit of a(4)?
0
Let i(u) = 5276*u - 532. What is the tens digit of i(4)?
7
Let b = 94 - 83. What is the tens digit of (-7 + b)/(5/((-2535)/(-6)))?
3
Let m(d) = -11 - d + d**3 + 8*d**2 - 2 - 3 - 7 - 2. What is the tens digit of m(-6)?
5
Let b = 81440 + -57341. What is the tens digit of b?
9
Let s(r) = -21194*r - 1458. What is the ten thousands digit of s(-3)?
6
Let j = -18460 - -39017. What is the ten thousands digit of j?
2
Let w be (81/(-18))/((2/(-4))/1). Suppose w*y - 497 = 547. What is the units digit of y?
6
Suppose 0 = 2*o + 4*b - 48994, -92011 - 5990 = -4*o + 5*b. What is the units digit of o?
9
Suppose -512*r - 9359108 = -633*r. What is the units digit of r?
8
Let u(s) = -s**3 - 39*s**2 - 287*s - 11. What is the thousands digit of u(-35)?
5
Let c(n) = 15*n**2 - 31*n - 103. What is the thousands digit of c(-14)?
3
Suppose -2*l + 1663 = -577. Let i = 383 - 241. Suppose -l + i = -6*c. What is the hundreds digit of c?
1
Suppose a + f + 0*f = -6, -5*f = -3*a + 14. Let h be (-2)/(-8) + a/(8/25). What is the tens digit of h*((-152)/(-12))/(0 + -1)?
7
Let f(t) be the third derivative of 793*t**5/60 - t**4/12 - t**3/2 - 4*t**2. What is the hundreds digit of f(-1)?
7
Suppose 9*x = -9*x + 90. Suppose 7*z - 5*y - 489 = 4*z, -834 = -x*z + 2*y. Let f = -89 + z. What is the units digit of f?
9
Let q(m) = 311*m**2 - 197*m - 39. What is the tens digit of q(-8)?
4
Let i = 272 - 160. Let h = 60 + i. What is the hundreds digit of h?
1
Let o(p) be the third derivative of -p**6/120 + p**5/20 + 5*p**4/8 + 17*p**3/6 + 187*p**2. What is the tens digit of o(5)?
4
Suppose -48 = -18*q + 24*q. Let a be 6/(-4) - (-3 + 3884/q). Suppose n + 123 = 2*n - h, h = -4*n + a. What is the units digit of n?
2
Suppose 2*a = a + 4, 3*z - 4*a - 11 = 0. What is the hundreds digit of 40/(-15)*414/(z/(-3))?
3
Let w = -160319 - -232028. What is the units digit of w?
9
Suppose n = -3*n + 2*i + 96, 116 = 4*n + 3*i. Suppose 0 = -5*c + 5*x + 330, -33 = -2*c - 5*x + 78. Suppose -r + n = -c. What is the units digit of r?
9
Suppose -4*i + 5*f - 3*f = -14002, 4*i + 2*f = 14022. What is the units digit of i?
3
Let t(q) = q**2 + 2*q - 12. Let g be t(-5). Suppose g*o = -467 + 3731. What is the tens digit of o?
8
Suppose 498*x - 506*x + 33647 + 81721 = 0. What is the tens digit of x?
2
Let v = 8 - 6. Let q be 4/(-8)*-18 + -7. Suppose -q*d + m + 131 = v*m, 0 = 2*d + 4*m - 116. What is the units digit of d?
8
Let a(n) = -n**2 + 9. Let z be a(3). Suppose z = -3*y + 1145 - 41. Suppose -y + 89 = -3*j. What is the units digit of j?
3
Let s be 232/638 + (-51)/(-11). Suppose -s*w = -9*w + 1316. What is the units digit of w?
9
Suppose -4*f + 176 = -4*n, -76 = -0*f - 2*f + 5*n. Suppose -f*r + 40*r = -1128. What is the tens digit of r?